13884?
True
Is 321818 a multiple of 254?
True
Does 773 divide 2311270?
True
Does 32 divide 31072?
True
Is 10 a factor of 278029?
False
Does 105 divide 1086506?
False
Is 69 a factor of 809408?
False
Does 27 divide 32400?
True
Is 2734280 a multiple of 34?
True
Is 48 a factor of 15224598?
False
Is 71655 a multiple of 895?
False
Does 749 divide 4025126?
True
Is 36 a factor of 108648?
True
Is 1310689 a multiple of 211?
False
Is 2747601 a multiple of 27?
True
Is 574603 a multiple of 144?
False
Is 97820 even?
True
Is 13 a factor of 67236?
True
Does 24 divide 11088?
True
Is 9943560 a multiple of 620?
True
Does 221 divide 19195176?
True
Is 637819 a multiple of 163?
True
Is 363 a factor of 5042983?
False
Is 28901 a multiple of 19?
False
Is 122 a factor of 1249893?
False
Is 490992 a multiple of 12?
True
Is 75 a factor of 2310292?
False
Is 12 a factor of 2073372?
True
Is 50184 a multiple of 72?
True
Does 10 divide 2201721?
False
Is 123010 a multiple of 30?
False
Is 401 a factor of 2255224?
True
Is 17 a factor of 355610?
False
Is 1755 a multiple of 117?
True
Does 5 divide 27597?
False
Does 81 divide 803844?
True
Is 117420 a multiple of 19?
True
Does 32 divide 4400160?
True
Does 324 divide 8050428?
True
Does 10 divide 738700?
True
Is 11 a factor of 19163980?
True
Does 50 divide 37500?
True
Is 318122 a multiple of 31?
True
Is 48 a factor of 1654560?
True
Is 187 a factor of 22204941?
True
Is 1298 a multiple of 22?
True
Is 35 a factor of 7117602?
False
Does 38 divide 1886434?
True
Does 15 divide 383838?
False
Is 3 a factor of 1525148?
False
Is 786500 a multiple of 130?
True
Is 163 a factor of 87211?
False
Is 32 a factor of 59141?
False
Is 5537211 a multiple of 89?
False
Does 76 divide 2944088?
True
Does 42 divide 18537?
False
Is 38 a factor of 33138?
False
Is 316 a factor of 1180741?
False
Is 570 a factor of 735978?
False
Is 10178966 a multiple of 98?
True
Does 96 divide 695602?
False
Is 142 a factor of 146260?
True
Is 28172 a multiple of 70?
False
Is 100 a factor of 25342?
False
Is 3 a factor of 1274450?
False
Does 14 divide 17311925?
False
Is 385994 a multiple of 79?
True
Does 509 divide 3284913?
False
Is 44278 a multiple of 5?
False
Is 9 a factor of 6058827?
True
Is 542742 a multiple of 51?
True
Does 115 divide 181909?
False
Does 294 divide 78701?
False
Does 18 divide 298336?
False
Is 14 a factor of 125594?
True
Does 641 divide 9435375?
False
Does 15 divide 255615?
True
Does 229 divide 304016?
False
Does 37 divide 508780?
False
Is 15 a factor of 192486?
False
Is 1089 a factor of 1216413?
True
Does 46 divide 1789676?
True
Is 1610370 a multiple of 58?
True
Is 9882158 a multiple of 317?
True
Is 34 a factor of 117850?
False
Is 4211662 a multiple of 1022?
True
Is 538070 a multiple of 26?
True
Is 516105 a multiple of 27?
True
Is 8970340 a multiple of 20?
True
Is 1253616 a multiple of 208?
True
Does 20 divide 10563180?
True
Is 220481 a multiple of 426?
False
Is 32 a factor of 5881904?
False
Does 1696 divide 10862128?
False
Is 52252 a multiple of 4?
True
Is 10 a factor of 3121740?
True
Is 6 a factor of 783478?
False
Is 271 a factor of 322490?
True
Is 74 a factor of 41884?
True
Does 21 divide 374472?
True
Is 59738 a multiple of 17?
True
Is 993691 a multiple of 16?
False
Is 1424192 a multiple of 8?
True
Is 6489630 a multiple of 126?
True
Is 74 a factor of 448292?
True
Is 17152285 a multiple of 16?
False
Is 3 a factor of 892788?
True
Does 15 divide 7293686?
False
Is 4940 a multiple of 38?
True
Is 23 a factor of 64663?
False
Is 26 a factor of 400400?
True
Is 68851 a multiple of 4?
False
Does 23 divide 1094593?
True
Is 94 a factor of 256948?
False
Is 2127028 a multiple of 566?
True
Is 274755 a multiple of 13?
True
Does 25 divide 17233175?
True
Is 17924 a multiple of 6?
False
Is 10127 a multiple of 7?
False
Does 85 divide 454368?
False
Is 2 a factor of 97100?
True
Is 202 a factor of 917066?
False
Is 67884 a multiple of 8?
False
Does 22 divide 409816?
True
Is 35994 a multiple of 6?
True
Is 16580 a multiple of 20?
True
Does 49 divide 11983130?
False
Does 9 divide 44340?
False
Does 25 divide 472075?
True
Does 5 divide 410080?
True
Is 191871 a multiple of 5?
False
Is 6 a factor of 121305?
False
Is 555 a factor of 1342545?
True
Does 108 divide 245592?
True
Is 134037 a multiple of 219?
False
Is 70 a factor of 164471?
False
Is 657 a factor of 237177?
True
Is 79483 a multiple of 23?
False
Is 5204930 a multiple of 232?
False
Is 78120 a multiple of 360?
True
Is 54 a factor of 67523?
False
Does 23 divide 723994?
True
Does 15 divide 25920?
True
Is 63754 a multiple of 6?
False
Is 8 a factor of 615103?
False
Is 7 a factor of 116690?
True
Does 37 divide 719428?
True
Is 804342 a multiple of 21?
True
Is 546822 a multiple of 17?
True
Does 8 divide 25812?
False
Is 2470 a factor of 5357430?
True
Does 363 divide 999448?
False
Is 3786192 a multiple of 36?
True
Is 320 a factor of 28259?
False
Is 81840 a multiple of 62?
True
Is 484 a factor of 407873?
False
Is 41 a factor of 27634?
True
Does 374 divide 17182?
False
Does 4 divide 282840?
True
Is 6 a factor of 22899?
False
Is 10 a factor of 3306500?
True
Is 18305 a multiple of 7?
True
Does 465 divide 403620?
True
Is 43146 a multiple of 27?
True
Does 252 divide 1207836?
True
Is 216480 a multiple of 264?
True
Does 82 divide 467489?
False
Is 482658 a multiple of 206?
True
Is 157 a factor of 1116501?
False
Does 72 divide 965677?
False
Does 80 divide 12307?
False
Does 111 divide 58053?
True
Is 6705866 a multiple of 15?
False
Is 111320 a multiple of 88?
True
Is 76 a factor of 1890880?
True
Is 145 a factor of 498976?
False
Does 197 divide 540487?
False
Is 2146116 a multiple of 3?
True
Does 122 divide 486447?
False
Is 31 a factor of 300576?
True
Is 604640 a multiple of 8?
True
Does 12 divide 58528?
False
Does 43 divide 283026?
True
Is 102554 a multiple of 47?
True
Does 20 divide 281000?
True
Does 36 divide 417276?
True
Is 2294456 a multiple of 26?
False
Does 4 divide 765352?
True
Does 452 divide 746468?
False
Is 93 a factor of 939820?
False
Is 14 a factor of 187014?
False
Is 1445669 a multiple of 5?
False
Is 167 a factor of 130519?
False
Does 130 divide 860990?
True
Is 11 a factor of 116886?
True
Does 76 divide 148200?
True
Is 299 a factor of 4321148?
True
Does 362 divide 1279096?
False
Is 112958 a multiple of 25?
False
Does 101 divide 1560720?
False
Is 162322 a multiple of 363?
False
Is 129 a factor of 6420459?
True
Is 1764870 a multiple of 155?
False
Is 1542461 a multiple of 17?
True
Is 5482880 a multiple of 13?
True
Is 86 a factor of 41968?
True
Does 121 divide 5558982?
True
Is 102648 a multiple of 78?
True
Does 379 divide 870184?
True
Does 146 divide 75628?
True
Is 36 a factor of 164484?
True
Is 138 a factor of 765210?
True
Does 45 divide 69120?
True
Does 7 divide 220003?
True
Is 92 a factor of 24748?
True
Is 120 a factor of 1646160?
True
Is 32376 a multiple of 35?
False
Does 150 divide 581550?
True
Is 11 a factor of 1239887?
True
Is 13396 a multiple of 54?
False
Does 369 divide 219739?
False
Is 234029 a multiple of 277?
False
Is 3 a factor of 16389?
True
Does 58 divide 13936057?
False
Is 1821 a factor of 12792525?
True
Is 14 a factor of 4147724?
True
Is 115290 a multiple of 27?
True
Is 2123131 a multiple of 227?
True
Is 864 a factor of 139968?
True
Does 7 divide 213682?
True
Is 149994 a multiple of 50?
False
Is 417873 a multiple of 97?
False
Is 8092704 a multiple of 8?
True
Is 50 a factor of 76907?
False
Is 9385610 a multiple of 65?
True
Is 161 a factor of 28819?
True
Is 53508 a multiple of 156?
True
Does 9 divide 752382?
True
Does 23 divide 26205?
False
Does 495 divide 3830310?
True
Is 61613 a multiple of 71?
False
Does 289 divide 307021?
False
Is 193 a factor of 31845?
True
Does 99 divide 1004412?
False
Does 762 divide 998118?
False
Is 68 a factor of 194752?
True
Is 959 a factor of 261807?
True
Is 102 a factor of 3842136?
True
Is 346 a factor of 130788?
True
Is 521670 a multiple of 137?
False
Does 687 divide 858371?
False
Is 130 a factor of 4647709?
False
Is 69 a factor of 4103775?
True
Is 501 a factor of 38641?
False
Is 72442 a multiple of 4?
False
Does 24 divide 3330000?
True
Is 839234 a multiple of 814?
True
Is 1196040 a multiple of 15?
True
Is 9062824 a multiple of 172?
False
Does 51 divide 275783?
False
Does 147 divide 565215?
True
Does 